**7/2520 + k**6/720 - 17*k**4/2 + 86*k. Let z(o) be the third derivative of w(o). What is z(1)?
-16
Let a(p) be the third derivative of -p**4/12 + 5*p**3/3 - 6*p**2 - 38*p. Suppose -13 - 13 = -j. Suppose -j = -5*f + 14. Determine a(f).
-6
Suppose -90 = -8*i - 282. Let b = -22 - i. Let x(g) = -b - g + 4 + 2*g - 2*g. Calculate x(-5).
7
Let y(z) = 82*z - 1215. Let m be y(15). Let p(u) = -5*u + 29. Calculate p(m).
-46
Let n(r) = -2*r + r**2 + 5*r - 3 + 5*r. Suppose -96 - 76 = 145*y + 698. What is n(y)?
-15
Let m(f) = -f - 42. Let h be m(-44). Let g(y) = -15*y**2 + 13*y + 43*y**2 - 27*y**h. Give g(-9).
-36
Let s(a) = 5*a - 24. Suppose 0 = -4*y + 2*v - 2, 0 = -2*y - 14*v + 12*v - 16. Let f(j) = 2*j - 3. Let p(g) = y*f(g) + s(g). Give p(-16).
1
Let u(m) = -m**2 + 26*m + 906. Let s be u(-20). Let a(i) = 2*i**3 + 27*i**2 - 15*i - 22. What is a(s)?
-8
Let d(l) = -2*l**2 + 10*l + 6. Let f = -21797 + 21797. What is d(f)?
6
Suppose 10 = -2*u, 271*u + 1 = -2*h + 268*u. Let a(c) = c**3 - 5*c**2 - 4*c - 20. Determine a(h).
50
Let v(l) = -3*l**2 - 2*l + 83. Let x(i) = -13*i**2 - 9*i + 330. Let o(c) = -9*v(c) + 2*x(c). Let b(u) be the first derivative of o(u). Give b(1).
2
Let x(g) = 10*g**2 - 109*g - 9. Let p be x(11). Let c(d) = -23 + 3*d + 8 + 12 + d**p + 6. Suppose 3*s - 2*s = -3. Give c(s).
3
Suppose -d + v = -3*v - 19, -d = -v - 7. Let s(r) = -6*r**2 - 2*r**3 + r**2 + 7*r**d + 0 - 6*r**3 + 2. What is s(-5)?
2
Let h(p) = -p**2 - 47816*p + 47800*p - 21 + 2*p**2. Give h(9).
-84
Let k(l) = -2*l**2 + 3*l - 4. Let m(r) = -43 - 31 + 58 - 5*r. Let i be m(-4). Determine k(i).
-24
Let y(k) be the second derivative of -4*k**3/3 - k**2/2 + 3*k - 3. Let r = -50 + 52. Let n(a) = 16*a + 3. Let l(s) = r*n(s) + 5*y(s). Determine l(3).
-23
Let m(x) = -15*x**2 - 5*x + 4. Let b(j) = 30*j**2 + 9*j - 7. Let k(o) = 4*b(o) + 7*m(o). Let t be 15 - (27 + -22 - -11). Give k(t).
14
Let h(r) = r**2 + 19 - 74 - 2*r**2 + 3*r + 27 + 23. Determine h(1).
-3
Let d be ((-6)/(-6))/((-1)/4) - 155. Let b = d - -166. Let x(q) = q**2 - 9*q + 9. What is x(b)?
-5
Let d be (-58)/(-3) - ((-60)/9 + 7). Suppose 9*w = d*w - 10. Let p(v) be the first derivative of -v**4/4 - v**3/3 + v**2/2 - v + 5. What is p(w)?
-2
Suppose -3*u + 105 = -2*w, 5*w - w - 54 = -2*u. Suppose -2*v + 3*q + 21 = 0, 5*v - q = u - 0. Let k(z) = 2*z - 9. Give k(v).
3
Let d(c) = 4*c**3 - c**2 + 1. Let j(p) = -70*p**2 + 274 + 23*p**2 + 32*p + 46*p**2. Let m be j(39). What is d(m)?
4
Let t(j) = j**3 - 6*j**2 + 4*j - 6. Let k = -207 - -214. Let g = 12 - k. Calculate t(g).
-11
Let y = 9527 - 9520. Let u(f) = 3*f**3 - 20*f**2 - 6*f - 13. Calculate u(y).
-6
Let z(b) = -10*b - 382. Let m be z(-36). Let j = 25 + m. Let p(x) = 7 - x**2 - 3 - 6*x + 4*x. What is p(j)?
-11
Let w(c) = -9*c**2 - c + 1. Let b(s) = -18*s**2 - 3*s + 1. Let f(i) = -4*b(i) + 7*w(i). Let v be f(-1). Let h(x) = x**3 - 8*x**2 + 5*x + 7. Determine h(v).
-7
Suppose -37*s + 450 = -31*s. Suppose -4*j - 5*h + s = j, 0 = 4*j - 3*h - 25. Let u(a) = a - 19. Determine u(j).
-9
Suppose 10 = -x + 111. Suppose -2*d + 2 = -5*r - x, -3 = 3*d. Let j = r - -26. Let g(v) = -v**2 + 6*v - 1. Give g(j).
4
Suppose 0 = -3*m + 4*x - 33, -2*m + 2*x + 60 = 80. Let d(b) = 7*b**2 + 50*b + 14. Give d(m).
7
Let o(p) = 2*p**3 - 14*p**2 - p + 69. Let k(w) = w**3 - 7*w**2 + 33. Let x(c) = 7*k(c) - 3*o(c). What is x(6)?
6
Suppose -17*h + 8 = -16*h. Let m(u) = -446*u + 894*u - 446*u + 1 - h. Give m(9).
11
Let j(m) = 3*m**3 - 6*m**2 + 9. Let d(v) = 4*v**3 - 7*v**2 + 10. Let u(y) = 4*d(y) - 5*j(y). Let s be -13 + (-5 - -9) + 9. Determine u(s).
-5
Let b(m) = m**2 + 3. Let i be b(0). Let v(q) = 2 + 10458*q + q**2 - 10458*q - q**i. Determine v(2).
-2
Let h(u) = u**3 + 4*u**2 + 3*u + 2. Suppose -2*s = -4*s. Let g = -3287 - -3290. Suppose -3*f + 3*d - 9 = s, g*f + f - d = -15. Give h(f).
-10
Let z(l) be the third derivative of -l**6/120 - 3*l**5/20 + l**4/2 + 5*l**3/6 + 5*l**2 + 8. Calculate z(-10).
-15
Let o(l) = -4*l**2 - 11*l + 10. Let g(f) = -3*f**2 - 7*f + 9. Let n(t) = 3*g(t) - 2*o(t). Calculate n(4).
-5
Let m(a) be the second derivative of -a**4/12 - 7*a**3/3 - 7*a**2 + 5008*a. Let y(k) = -k**3 - 10*k**2 + k - 2. Let u be y(-10). What is m(u)?
10
Let w(r) be the first derivative of 1/4*r**4 + 18 + r - 2*r**2 + 2/3*r**3. Let d(j) = -j. Let a be d(3). Determine w(a).
4
Let h(l) = -3354*l - 38 - 2*l**2 - 3330*l + 6710*l. Determine h(12).
-14
Let b = 115 - 86. Let t(o) = -24 - 7 + b - o. Calculate t(-6).
4
Let l(v) = -2*v - 1. Let b be (-14)/3 - 9/27. Let n(g) be the first derivative of 3*g**2/2 + g - 176. Let t(k) = b*n(k) - 6*l(k). What is t(2)?
-5
Suppose -6*s = -4*s + 52. Let m = 3 + s. Let z = m + 27. Let r(v) = v**3 - 4*v**2 + v + 1. What is r(z)?
5
Let m(g) be the first derivative of 31*g**2/2 - 226*g + 3190. Determine m(7).
-9
Let k(m) = -2*m**2 + 19*m - 7. Let f be (270/12)/5*2. Determine k(f).
2
Let m be ((-2)/(-6))/(4/12). Let p(l) = 5*l - 5. Let c(j) be the second derivative of -j**2/2 - 15*j + 5. Let d(r) = -6*c(r) + p(r). Give d(m).
6
Let m(t) be the first derivative of -t**4/4 - 8*t**3/3 - 11*t**2/2 - 6*t - 19303. Suppose 0 = -p - 2*p - 21. What is m(p)?
22
Let x(z) = 3*z**2 - 3*z**2 + 1546*z - 1 - 1544*z + 4*z**2. Determine x(1).
5
Let a(r) = -4*r - 27. Let f be (-2)/(-8) + ((-102)/40)/(807/1345). Determine a(f).
-11
Let c(j) = -3*j - 396. Let m(u) = -5*u - 582. Let n(z) = 7*c(z) - 5*m(z). Determine n(-37).
-10
Let b(j) be the third derivative of j**5/15 + j**4/24 + j**3/3 - 2*j**2. Let z = 29760 + -29761. What is b(z)?
5
Let w(z) = 66*z + 154. Let q(c) = 5*c + 12. Let h(o) = 77*q(o) - 6*w(o). Let y(v) = -9*v. Let t(s) = -4*h(s) + 5*y(s). Determine t(-5).
5
Let d(o) = -5*o**2 + 178*o + 19. Let f(c) = -14*c**2 + 494*c + 57. Let i(x) = 11*d(x) - 4*f(x). Give i(-1).
0
Let n(g) = 3*g**2 - 6*g + 6. Let a = -1286 - -1288. Determine n(a).
6
Let p(y) = 22*y**2 + 7. Let k(g) = 34*g**2 - g + 6. Let v(m) = 2*k(m) - 3*p(m). Give v(0).
-9
Let z(a) = 3*a**3 + a**2 + 2*a. Let q(o) = -9*o**3 - 4*o**2 - 9*o + 2. Let i(c) = q(c) + 4*z(c). Calculate i(2).
24
Let l be 9/7*1246/267. Let i(n) = n**2 - 8*n + 13. Give i(l).
1
Let h(o) = -o**2 + 9*o - 30. Suppose 96*y - 19 = 93*y + 4*s, 51 = 5*y + 3*s. Calculate h(y).
-30
Let i(y) be the first derivative of -y**3/3 - 5*y**2 - 7*y - 3392. Calculate i(-5).
18
Let y(p) = 7*p - 5*p + 2*p + p - 14 - 7*p. Calculate y(13).
-40
Let p = 503 + -504. Let i(v) = 10*v - 2. Let t(d) = -22*d + 4. Let f(o) = -5*i(o) - 2*t(o). Calculate f(p).
8
Let p be 2336/(-78) + (-42)/819. Let n(x) = 2*x + 45. Give n(p).
-15
Let w(u) = -u**3 - 20*u**2 + 43*u - 21. Let i be w(-22). Suppose -8 + i = -7*c. Let f(v) = -3*v**3 + v - 1. What is f(c)?
-3
Let u be 12/5 - (1 + 16/(-10)). Let t(n) = -n - n**3 - 5*n**u + n**2 + 5*n**3 - 4. Suppose -35*z = -41*z. What is t(z)?
-4
Suppose -14*o - 90 = -20*o. Let n = o - 13. Suppose -3 = n*s + 2*y + 21, -s = -3*y. Let v(u) = -u**3 - 10*u**2 - 9*u. What is v(s)?
0
Let v(c) be the second derivative of 0*c**3 - 1/2*c**2 - 1/3*c**4 - 2*c + 23 + 1/20*c**5. Let m = 18 + -14. Determine v(m).
-1
Let p(i) = -2*i - 5. Let x(k) = -25*k - 283. Let o be 3/(-4) + -5 + (-126)/24. Let j be x(o). Determine p(j).
11
Let w(o) = 4*o + 2. Suppose 2*c + 8 = 2*p, -3*p + 6*p + 3*c + 12 = 0. Determine w(p).
2
Let y(d) be the second derivative of -1/2*d**3 + d**2 - 1/6*d**4 - 9 + 1/20*d**5 + 3*d. Calculate y(4).
22
Let v(n) be the second derivative of -7*n**3/6 + 9*n**2/2 - 2437*n + 2. What is v(10)?
-61
Let b = -41 + 45. Suppose -15 = -b*x + x. Suppose -n = -x*t - 5, 4*n - n + 2*t = -19. Let w(f) = f**3 + 6*f**2 + 6*f - 1. Determine w(n).
-6
Let j(g) = -2*g**2 + 5*g - 2. Let m(n) = 2*n + 28. Let w be m(-4). Let k be 1/(2 - w/12). Suppose 42*h + k = 43*h. What is j(h)?
-5
Let h be -21 + 17 - (0 + -11). Let z(q) = h*q + 2 - 13*q + 8*q - q. Suppose 2*b + g - 1 + 8 = 0, 2*b = -3*g - 9. Determine z(b).
-1
Let y(g) = 2*g**2 - 7*g + 7. Let x be y(1). Let j(h) be the first derivative of h**4/4 - h**2/2 - 42. Calculate j(x).
6
Let d(c) = -c**2 - c - 3. Suppose 4*r + 26 = 3*m, 525*m - 527*m + 24 = -4*r. Give d(r).
-23
Let i = -38 + 48. Suppose 0 = 4*t - i*t + 12. Let a(p) = 11*p - 10*p + t + 3 - 7. Give a(8).
6
Let c(g) = 3*g. Let x be (4/3)/(((-33)/(-9))/(-11)). Let q(i) = 11*i - 2. Let 